 are the prime factors of 32747889?
3, 41, 443, 601
List the prime factors of 247109839.
19, 151, 86131
What are the prime factors of 64725531?
3, 13, 1659629
What are the prime factors of 1821725046?
2, 3, 1129, 29881
What are the prime factors of 29858909?
29858909
What are the prime factors of 1715433308?
2, 859, 499253
What are the prime factors of 93398226?
2, 3, 31, 502141
List the prime factors of 235129393.
235129393
What are the prime factors of 432237894?
2, 3, 11, 59, 10091
What are the prime factors of 86151362?
2, 11, 3915971
What are the prime factors of 506695049?
7, 157, 461051
List the prime factors of 34546164.
2, 3, 2878847
List the prime factors of 302983367.
17, 19, 31, 30259
What are the prime factors of 993779655?
3, 5, 11, 547537
What are the prime factors of 867492473?
17, 41, 1244609
What are the prime factors of 1983291836?
2, 31, 479, 33391
What are the prime factors of 2687039?
2687039
What are the prime factors of 841267057?
31, 27137647
List the prime factors of 1176548231.
2333, 504307
What are the prime factors of 35462459?
17, 53, 39359
List the prime factors of 135452466.
2, 3, 2508379
List the prime factors of 984721331.
11, 89520121
List the prime factors of 169051026.
2, 3, 17, 53, 31271
List the prime factors of 245034042.
2, 3, 11, 23, 151, 1069
What are the prime factors of 5477853898?
2, 11, 7699, 32341
What are the prime factors of 108418458?
2, 3, 23, 785641
What are the prime factors of 136262297?
809, 168433
List the prime factors of 695715371.
13, 101, 40759
What are the prime factors of 609250681?
13, 46865437
What are the prime factors of 1497476348?
2, 17, 22021711
List the prime factors of 273019219.
11, 24819929
What are the prime factors of 320986093?
320986093
What are the prime factors of 55502575?
5, 769, 2887
What are the prime factors of 229958213?
229958213
List the prime factors of 3566676323.
7, 43, 97, 151, 809
What are the prime factors of 546826030?
2, 5, 29, 1885607
What are the prime factors of 13899101?
1303, 10667
What are the prime factors of 2491159212?
2, 3, 53, 199
List the prime factors of 116872793.
163, 717011
List the prime factors of 353704690.
2, 5, 89, 113, 3517
What are the prime factors of 1455930894?
2, 3, 11, 43, 513013
List the prime factors of 1074056567.
19, 1571, 35983
What are the prime factors of 163975605?
3, 5, 19, 41, 14033
What are the prime factors of 96136358?
2, 48068179
List the prime factors of 1837116601.
1837116601
List the prime factors of 76769250.
2, 3, 5, 102359
What are the prime factors of 68099343?
3, 13, 23, 31, 79
List the prime factors of 24947246.
2, 12473623
What are the prime factors of 119341181?
23, 353, 14699
What are the prime factors of 217321092?
2, 3, 6036697
What are the prime factors of 1561512?
2, 3, 65063
What are the prime factors of 444604552?
2, 7, 7939367
What are the prime factors of 639319948?
2, 159829987
What are the prime factors of 793601280?
2, 3, 5, 22963
List the prime factors of 27758436.
2, 3, 37, 101, 619
List the prime factors of 359386485.
3, 5, 23959099
List the prime factors of 486046809.
3, 19, 1231, 2309
What are the prime factors of 743756191?
743756191
What are the prime factors of 241528642?
2, 97, 1244993
List the prime factors of 1485557.
1485557
List the prime factors of 81005028.
2, 3, 13, 353, 1471
List the prime factors of 43515598.
2, 7, 3108257
List the prime factors of 2999176806.
2, 3, 499862801
What are the prime factors of 3453695883?
3, 11, 137, 149, 1709
List the prime factors of 141597583.
137, 1033559
List the prime factors of 64529191.
23, 103, 27239
What are the prime factors of 130271243?
130271243
List the prime factors of 4092928388.
2, 31, 443, 74509
List the prime factors of 1210757992.
2, 151344749
List the prime factors of 3088077656.
2, 386009707
List the prime factors of 23054831.
151, 152681
List the prime factors of 273814724.
2, 23, 2976247
List the prime factors of 24619218.
2, 3, 13, 315631
List the prime factors of 71721062.
2, 7, 17, 301349
List the prime factors of 53964082.
2, 73, 89, 4153
List the prime factors of 152136779.
691, 220169
What are the prime factors of 957130006?
2, 7, 68366429
List the prime factors of 407436573.
3, 29, 4683179
List the prime factors of 88484813.
17, 1381, 3769
What are the prime factors of 58521381?
3, 53, 368059
What are the prime factors of 182086856?
2, 7, 131, 24821
List the prime factors of 2761362617.
13, 4999, 42491
What are the prime factors of 516584691?
3, 7, 1723, 4759
What are the prime factors of 237919824?
2, 3, 19, 86959
List the prime factors of 102059648.
2, 23, 34667
What are the prime factors of 938296135?
5, 7, 37, 724553
List the prime factors of 50950002.
2, 3, 8491667
List the prime factors of 1179412516.
2, 294853129
What are the prime factors of 187236657?
3, 17, 407923
What are the prime factors of 683680387?
13, 52590799
List the prime factors of 23871592.
2, 2983949
List the prime factors of 10427467.
47, 149, 1489
List the prime factors of 339837479.
41, 103, 80473
What are the prime factors of 1361771?
499, 2729
List the prime factors of 193361797.
103, 1877299
What are the prime factors of 1203599191?
1203599191
List the prime factors of 1612184646.
2, 3, 29, 37, 71, 3527
List the prime factors of 53670382.
2, 89, 211, 1429
List the prime factors of 42404099.
67, 632897
List the prime factors of 517171299.
3, 241, 715313
List the prime factors of 30485013.
3, 13, 103, 7589
What are the prime factors of 362136973?
11, 1327, 24809
What are the prime factors of 1277789519?
5717, 223507
What are the prime factors of 260028831?
3, 86676277
List the prime factors of 889827992.
2, 113, 984323
What are the prime factors of 1107163522?
2, 17, 32563633
List the prime factors of 5818565627.
7, 831223661
What are the prime factors of 4198126466?
2, 2099063233
What are the prime factors of 494683931?
7, 23, 233, 13187
List the prime factors of 31081522.
2, 15540761
What are the prime factors of 19803751?
11, 1800341
List the prime factors of 881868351.
3, 7, 13, 71, 45497
What are the prime factors of 384867741?
3, 373, 343939
List the prime factors of 57556434.
2, 3, 13, 19, 71, 547
List the prime factors of 23507905.
5, 631, 7451
What are the prime factors of 1121638494?
2, 3, 1103, 169483
List the prime factors of 7600864.
2, 269, 883
What are the prime factors of 16793104?
2, 1049569
What are the prime factors of 103624528?
2, 7, 947, 977
What are the prime factors of 118999684?
2, 29749921
List the prime factors of 169510402.
2, 67, 83, 15241
What are the prime factors of 52777823?
7, 421, 17909
List the prime factors of 1390189994.
2, 17, 29, 197, 421
What are the prime factors of 1953111110?
2, 5, 195311111
List the prime factors of 137946137.
7, 19, 149, 6961
List the prime factors of 2145716073.
3, 238412897
What are the prime factors of 39808000?
2, 5, 311
What are the prime factors of 1645017997?
7, 235002571
What are the prime factors of 3801111165?
3, 5, 2243, 12553
What are the prime factors of 940866032?
2, 41, 1434247
What are the prime factors of 675616781?
7, 37, 2608559
What are the prime factors of 250709501?
7, 2003, 17881
List the prime factors of 114285977.
13, 8791229
What are the prime factors of 315679575?
3, 5, 61, 69001
List the prime factors of 1084817625.
3, 5, 2892847
What are the prime factors of 153236505?
3, 5, 829, 12323
What are the prime factors of 35492738?
2, 353, 50273
What are the prime factors of 3073861671?
3, 503, 2037019
What are the prime factors of 22038933?
3, 7, 1049473
List the prime factors of 16132413.
3, 11, 488861
List the prime factors of 1800904933.
1800904933
What are the prime factors of 1029511312?
2, 41, 47, 33391
What are the prime factors of 326392530?
2, 3, 5, 10879751
List the prime factors of 3272577976.
2, 409072247
List the prime factors of 126012444.
2, 3, 10501037
What are the prime factors of 1216678255?
5, 13, 18718127
List the prime factors of 52482222.
2, 3, 13, 74761
What are the prime factors of 58558649?
439, 133391
What are the prime factors of 672529147?
5569, 120763
List the prime factors of 4258939271.
2251, 1892021
What are the prime factors of 109006680?
2, 3, 5, 409, 2221
List the prime factors of 4497728154.
2, 3, 23, 32592